4*x - 14. Let q be h(-1). What is the greatest common divisor of q and 2560?
10
Suppose 9*w = -76*w + 16*w + 3243. Calculate the greatest common divisor of w and 41642.
47
Let v(k) = k**3 - 13*k**2 + 27*k + 17. Let j be v(12). Let d = -156 + j. Calculate the highest common factor of 369 and d.
41
Let f be -40*(4 + -17 - (0 + -4)). Let l(x) = 2*x**2 + 11*x + 22. Let c be l(-4). What is the greatest common divisor of c and f?
10
Suppose 0 = 16*a - 498 + 8 - 374. Let c(n) = -n**3 + 7*n**2 + 9*n - 9. Let y be c(7). What is the highest common divisor of y and a?
54
Let v be (-4)/(-5) + 156294/570. Calculate the greatest common factor of 66 and v.
11
Let b be 31445/2 + -1 + -2 + (-222)/(-148). Calculate the greatest common divisor of 158 and b.
79
Let w be (-4)/2*3*-8. Suppose -47*g + 1455 = -45*g - 3*r, g + 3*r = 705. Calculate the highest common factor of w and g.
48
Let z = -192 + 80. Let n = z + 38. Let v = n + 114. Calculate the highest common divisor of v and 10.
10
Let o(d) = 34*d + 172. Let w be o(-11). Let j = w - -609. Calculate the highest common divisor of j and 11.
11
Let x be (-2 - (-4)/6)*-6. Suppose 3*p + 1867 = -7*t + 11*t, 0 = 2*t + p - 951. Calculate the greatest common factor of t and x.
8
Suppose 48 = p + v + 32, -7*v = 0. Calculate the highest common factor of 136 and p.
8
Suppose -5*l + q = 19 - 66, 4*q = -3*l + 42. Let n = l - -11. What is the greatest common factor of 147 and n?
21
Let m = 663 - 613. Let d be 4*14/20*125/m. Calculate the highest common factor of d and 3.
1
Let s be (332196/376)/(1/4*2) - -2. Calculate the greatest common divisor of s and 58.
29
Let a(u) = u**2 - 5*u - 8. Suppose 30*w - 31*w = 6. Let f be a(w). Suppose 578 = 12*g - f. What is the highest common factor of 159 and g?
53
Suppose 3*j + 3*g + 9 = -15, 5*j - 2*g = -19. Let h be (50 + -10)*(-4)/j. What is the highest common divisor of h and 16?
16
Let a = -695 - -695. Suppose -4*v - 4*i = -608, a*i - 8 = -4*i. Calculate the greatest common divisor of v and 100.
50
Let o be 1/((-11)/(-1188)) + 0. Calculate the highest common factor of 1647 and o.
27
Suppose -18*o + 1984 = 1588. What is the greatest common factor of 2266 and o?
22
Let q be ((-1)/1)/(1/(-5)). Let k = 300 + -248. Let p = -17 + k. What is the greatest common divisor of p and q?
5
Let k(n) = -n**3 - 3*n**2 + 4*n + 5. Let z be k(-4). Suppose -z*a + 5 + 30 = 0. Suppose -2*i - 25 = -95. What is the highest common divisor of i and a?
7
Suppose -l + 0*l + 11 = 0. Let c be 22/(-121) - (-145)/l. Let w(v) = -399*v**2 + 1210*v. Let d be w(3). What is the greatest common divisor of d and c?
13
Let r be (-3340)/(-300) - (-1 - (-17)/15). Let j be (-6)/15 + 32/5. Suppose -r*v + 110 = -j*v. What is the greatest common factor of v and 22?
22
Let z be (-395 - (2 - -3))*2094/(-24). What is the greatest common divisor of z and 100?
100
Suppose 3*w = -5*u + 59, 0 = 5*w - 3*u - 144 + 57. Let g be (180/50)/(0 - (-3)/165). What is the greatest common divisor of g and w?
18
Let i = -30 - -65. Let b be i + 3/(-4) + (-27)/12. Let w be ((-55)/(-2))/((-2)/b*-2). What is the highest common divisor of w and 20?
20
Suppose -153*i + 1740 = -53*i + 240. Calculate the highest common factor of 12165 and i.
15
Let x(k) = -40*k + 14. Let b be x(1). Let d be 2052/351 - 4/b. What is the greatest common factor of d and 78?
6
Suppose 3*r - 2 = p + 29, -3*r = -4*p - 16. Calculate the greatest common factor of r and 90.
6
Let s(p) = p**3 - 10*p**2 + 22*p - 42. Let i be s(8). Let f(d) = 6*d**2 - d + d. Let v be f(1). Calculate the greatest common divisor of i and v.
6
Let z be -5*42/(-30) + 116. Suppose -114*b = -z*b + 144. Calculate the highest common factor of b and 272.
16
Let i be (-5)/(-4)*-14*(-108)/270. Let s(l) = -79*l - 2. Let f be s(-1). Calculate the highest common divisor of i and f.
7
Let h be (24/(-72))/((-1)/30). Let g be (-3)/15 - (-1562)/h - 3. What is the greatest common divisor of g and 18?
9
Let f = -12982 + 13008. What is the highest common divisor of f and 897?
13
Let z(m) = -1407*m - 16796. Let g be z(-12). Let h = 15 + 49. Calculate the highest common factor of g and h.
8
Suppose 4*l = -l - 5*m + 1880, 5*l = 5*m + 1900. Let s be l/2*(-6 - -7). Calculate the greatest common factor of s and 14.
7
Suppose 189 = -0*f + 4*f + m, m + 179 = 4*f. Suppose -147*x + 146*x = -506. Calculate the greatest common divisor of f and x.
46
Let q(s) = 43*s - 284. Let k be q(8). Calculate the greatest common divisor of k and 615.
15
Let a be (1/(-7) - -1)/(96/1568). Let k = 200 + -116. What is the highest common divisor of k and a?
14
Let s = 39194 + -36312. Calculate the highest common factor of s and 176.
22
Suppose 50*t + 11*t = 7*t + 1458. Let l(h) = -h**3 - h + 9. Suppose 8*k = 3*k. Let y be l(k). Calculate the greatest common factor of y and t.
9
Let s(o) = -4*o - 5. Let b be s(-7). Suppose 510*y - 136643 = 53*y. Calculate the greatest common divisor of b and y.
23
Let l = 10572 - 10559. Let v be (-2 - -2) + 39/1. What is the highest common divisor of l and v?
13
Let i be 6128/36 + (-2)/9. Let t(g) = g**2 + 9*g + 16. Let q be t(-13). Calculate the greatest common divisor of q and i.
34
Suppose -14725 = -70*t + 15865. Calculate the greatest common factor of t and 207.
23
Let u be 6 + (-35)/5 + -1 + 249. Let o = u - 237. What is the highest common divisor of 1 and o?
1
Let z(q) = 7*q**2 - 213*q + 33. Let v be z(54). Calculate the highest common divisor of v and 132.
33
Let v be -2 - (-32 - (0 - -2))*1. Let i be (-34)/(-8) - 8/v. What is the greatest common divisor of 68 and i?
4
Let m be (330/(-20))/(245/252 + -1). Calculate the greatest common divisor of m and 1100.
22
Let s(d) = 31*d**2 + d. Let q be s(-1). Suppose 8*g - 182 = -q. Let u be 4/(-4)*19*-1. What is the highest common divisor of g and u?
19
Suppose -2*l + 4*l = 140. Let q be 2937/99 - (-5)/(-45)*-3. Calculate the highest common divisor of q and l.
10
Suppose -12*k = -10*k + 17*k - 475. What is the greatest common divisor of 145 and k?
5
Let k be (2 + 1 - -1)*1/(-2). Let c be (539/(-44))/(k/8). What is the highest common factor of c and 28?
7
Let g(v) = -4*v + 210. Let o be g(24). Calculate the greatest common divisor of 1938 and o.
114
Let v(n) = 5*n + 91. Let b(o) = -3*o - 1. Let l(j) = 3*b(j) + v(j). Let q be l(-18). What is the highest common divisor of 120 and q?
40
Suppose -54*j + 5*i - 88330 = -57*j, -3*i = 5*j - 147174. What is the highest common factor of 180 and j?
90
Let u(i) = 6*i**2 - 3*i + 70. Let l be u(-6). What is the highest common factor of 171 and l?
19
Suppose -34*o = -30*o + 4*u + 1192, u = -2*o - 591. Let l = 578 + o. What is the greatest common divisor of 60 and l?
15
Let g(d) = 8*d**2 + 12*d - 359. Let h be g(20). Calculate the highest common divisor of h and 26.
13
Let l be -15*(22/11 + 32/3). Let k = 238 + l. Calculate the highest common factor of k and 96.
48
Let g be (-5083)/598*(-612)/2. What is the highest common divisor of g and 153?
153
Let k be (0 - 1)*(-1 - 74). Let u = 641 + -551. Suppose -5*a - g - g + 150 = 0, 0 = -3*a - 3*g + u. What is the highest common factor of a and k?
15
Let l be 222/(15/30*(-2)/(-1)). Let q be (5 + 134 - -4) + 5. Calculate the greatest common factor of q and l.
74
Let k be -8*2/(-104) - 6/39. Suppose k = -2*v + s + 7, 5 = 2*v + 3*s + 2. Calculate the greatest common divisor of 6 and v.
3
Let o be 2 - (17 - (-264)/(-16))/(2/(-328)). Calculate the greatest common divisor of 609 and o.
21
Suppose -138 - 1342 = -22*z + 1732. Calculate the greatest common factor of z and 12629.
73
Suppose -5*d - 2*q = -1812, 2*d - 2*q - 360 - 376 = 0. Calculate the greatest common factor of d and 1508.
52
Let p = 72 + -68. Suppose -2*h + 2*o = h - 286, -p*h + 384 = -4*o. Let i = h - 74. What is the greatest common divisor of 5 and i?
5
Let b be (10*2/6)/((-4)/(-6)). Let i be -2*b/10*-7. Let f = 1 + 0. What is the highest common divisor of f and i?
1
Suppose -4*u = -10 - 182. Let a(r) = 27 - 7*r + 126 - 31. Let i be a(14). What is the highest common divisor of i and u?
24
Suppose 49*z = 40*z + 2866 + 3371. What is the highest common factor of 81 and z?
9
Suppose -2*p - 4*y = -44, y + 4*y = -2*p + 41. Let h = 167 + -88. Suppose h = 3*a - 89. Calculate the greatest common divisor of a and p.
28
Let v = -4720 - -4732. W